+ -24 + 16.
108
Suppose 0 = 3*k - 7*k + 36. Suppose -33 = 3*y - 165. Calculate the remainder when y is divided by k.
8
Let d be 15*(1 - (-6)/9). Suppose -3*a = -4*g, -a + d = 4*g + 9. Let z(x) = x**3 - 6*x**2 + x - 4. Calculate the remainder when g is divided by z(6).
1
Suppose -4*o - 3*d = 2*d + 11, o - 5*d = -34. Calculate the remainder when 6 is divided by (-4)/(-18) - 25/o.
0
Suppose 0 = w + 5*o - 28, -w + 40 = 2*o - 3. What is the remainder when w is divided by 17?
2
Suppose 5*b = -4*b + 63. Calculate the remainder when 11 is divided by b.
4
Let x = -43 + 122. Let c = -38 + x. What is the remainder when c is divided by 22?
19
Let r(i) = i**2 - 4*i + 5. Let g be r(3). Calculate the remainder when 22/(-3)*(0 - 21/g) is divided by 40.
37
Suppose -3*v = 2*v - 145. Let f(y) = 2*y**2 - 23*y - 11. Let s be f(12). What is the remainder when (-6)/2 + s - -58 is divided by v?
27
Let v(n) = n**3 - 7*n**2 - 12*n + 3. Let s be v(8). Let w = 35 + s. What is the remainder when 17 is divided by w?
5
Let c be (2 + 1 + 1)/6*12. Suppose c*d - 14*d + 156 = 0. Calculate the remainder when 49 is divided by d.
23
Suppose 0 = 4*g - 2*r, 2*r = -3*g + g. Suppose 5*t + 11 = z - g*t, z - 3*t = 11. Calculate the remainder when z is divided by 1.
0
Let s(b) be the third derivative of -1/120*b**6 + 3/8*b**4 + 0 - 2*b**2 + 1/2*b**3 + 1/10*b**5 + 0*b. Calculate the remainder when 31 is divided by s(7).
14
Suppose -205 = -4*h + 219. Calculate the remainder when h is divided by 27.
25
Suppose 7 = -3*w + 7. Suppose w = -2*k - 0*k + 90. Calculate the remainder when k is divided by 16.
13
Suppose -10*w + 76 + 4 = 0. What is the remainder when 71 is divided by w?
7
Let y be (1 - -2) + (-2)/2. Suppose -y*b + 7 - 5 = 0. Suppose -v = b - 56. Calculate the remainder when v is divided by 14.
13
Suppose 21*o - 1884 = 15*o. What is the remainder when o is divided by 64?
58
Let b = -29 - -43. Let i(n) be the first derivative of 56*n**3/3 - n**2 + n + 2. What is the remainder when i(1) is divided by b?
13
What is the remainder when ((-28)/(-12))/(-7)*-354 is divided by 40?
38
Let k = 51 + -30. Suppose 0 = -2*t + 33 - 9. What is the remainder when k is divided by t?
9
Suppose -9*c + 105 = 78. Calculate the remainder when (-1 - (-1)/2)*-34 is divided by c.
2
Suppose 0 = -3*j + 2*j - 20. Let u be 4/j - (-72)/10. Suppose -2*l + u*l - 85 = -4*b, 0 = -3*b - l + 72. What is the remainder when b is divided by 13?
12
Let z = -9 + 18. Let o = -33 + 76. What is the remainder when o is divided by z?
7
Let x(a) = -12*a**2 - 3*a + 5. Let c be x(3). Let d = c - -190. Calculate the remainder when d is divided by 20.
18
Suppose -9*g + 7*g - 4 = 0. Let j be -3 + -10*17/g. Suppose -y - j = -3*y. Calculate the remainder when y is divided by 14.
13
Let s(h) = 3*h**3 - 4*h**2 + 4*h - 3. Calculate the remainder when 46 is divided by s(2).
7
Suppose 39*f - 5472 = -1260. Calculate the remainder when 324 is divided by f.
0
Let o(i) = 11*i**2 - 26*i + 31. Let k(h) = 5*h**2 - 13*h + 15. Let w(x) = 13*k(x) - 6*o(x). What is the remainder when w(-9) is divided by 5/30 + 411/18 + 0?
22
Let a(w) = -w**2 - 4*w + 10. Let q be a(4). What is the remainder when 237/33 - (-4)/q is divided by 4?
3
Let o = -33 + 47. Let z = 2 - -23. What is the remainder when z is divided by o?
11
Suppose 6*h + 243 = 399. Calculate the remainder when h is divided by 15.
11
Let c = -170 + 276. Suppose g = -5*a + 50, 0 = -5*a + 2*g - 5*g + 60. Let w(k) = k**2 - 5*k - 9. Calculate the remainder when c is divided by w(a).
25
Suppose 0 = -w + 2*p + 17, 2*w + 8*p = 6*p + 10. Suppose -3*k + 3*u = -0*k - 12, 2*u + 10 = 0. What is the remainder when 33 is divided by w*((-4)/k - 3)?
6
What is the remainder when (2 + -1)*3 + (92 - 3) is divided by 17?
7
Calculate the remainder when 80 is divided by (-1 - (1 - -3)) + 19.
10
Suppose -11 = m + 7. Let j = m + 21. Calculate the remainder when -1 - (1/1 + -11) is divided by j.
0
Suppose 3*k - 3*i = 51, k + 2*i + 6 - 14 = 0. What is the remainder when k is divided by (-3 - -2)/(1/(-9))?
5
What is the remainder when (-526)/(-8) - 2/(-8) is divided by (77/462)/(1 - 404/408)?
15
Calculate the remainder when 3 + -5 + 58 - 5 is divided by 29.
22
Let b = -134 + 93. Let x = 72 + b. Calculate the remainder when x is divided by (-4)/14 - (-79)/7.
9
Suppose 110*f + 882 = 124*f. Calculate the remainder when 562 is divided by f.
58
Let t(g) = 5*g - 26. What is the remainder when (-15)/5 - -115 - -1 is divided by t(11)?
26
What is the remainder when 57 is divided by (168/140)/(4/(-10)) + 18?
12
Let s be (0*(-2 - -1)/(-1))/1. Calculate the remainder when (s - -61)*(-3 + 4) is divided by 13.
9
Suppose 5*o + 5*k - k - 5 = 0, 3*o = 2*k + 25. Suppose 9 = q + 5*j, o*q - j = -6*j + 25. What is the remainder when 30 is divided by q?
2
Let j = 94 - 65. Calculate the remainder when 79 is divided by j.
21
What is the remainder when 3289 is divided by 320/64 - (0 - (-178)/(-2))?
93
Suppose -5*r - 65 = -2*h, 3*r = 3*h + 2*r - 78. Let y = h + -19. Suppose -5*b - y = -7*b. Calculate the remainder when 14 is divided by b.
2
Suppose 0 = 4*a - 75 - 21. What is the remainder when 102 is divided by (-36)/a*104/(-6)?
24
Suppose -v + 6*v = 0. Suppose 2*i - 7*i - h + 102 = v, 2*i - 5*h = 30. What is the remainder when i is divided by -1 - (0 - 16*(-2)/(-4))?
6
Let d(f) = 4*f**2 - 5*f - 6. Let c be d(-3). Suppose -4*b = -c - 39. What is the remainder when b is divided by (1/2)/(1/22)?
10
Let q be 0/(((-2)/(-2))/(-1)). Let s be (-54 + 2 - q)*-1. Suppose 0 = 4*l - l - f - 35, -s = -4*l - 4*f. Calculate the remainder when 23 is divided by l.
11
Suppose -4*f + 19 + 13 = 0. Let j = -39 + 58. Calculate the remainder when j is divided by f.
3
Suppose 4*v - 65 = -3*s, -4*v + 80 = 2*s + 2*s. Let n(k) = 12*k**3 - 2*k**2 - k + 2. What is the remainder when s is divided by n(1)?
4
Suppose 16199 - 1261 = 97*w. Calculate the remainder when w is divided by 42.
28
Let x(t) = -t**3 - 6*t**2 - 8*t + 7. Let h(f) = -f**3 - 7*f**2 - 9*f + 6. Let j(z) = -3*h(z) + 2*x(z). Calculate the remainder when 82 is divided by j(-7).
14
Let j = 322 + -528. Let s = j + 222. Let a = -96 - -140. Calculate the remainder when a is divided by s.
12
Let s(c) = c**2 - 3*c + 2. Let r be s(3). Suppose -15 = 5*q, r*h + 3*q = -17 - 4. Let i(w) = -7*w - 9. Calculate the remainder when i(h) is divided by 12.
9
Suppose 778 = 12*q - 26. What is the remainder when q is divided by 34?
33
Let r(g) = -10*g - 34. Let k be r(-8). Let f = k + -39. What is the remainder when 26 is divided by f?
5
Suppose 29 = g - 1. Suppose -35 - 9 = -4*j. Suppose j*s - g = 6*s. What is the remainder when 22 is divided by s?
4
Let a = 59 + -54. Suppose 0 = a*j - 60 - 100. What is the remainder when j is divided by 17?
15
Let m(a) = -a**2 - 1. Let t(s) = 6*s**2 - 6*s. Let p(v) = -4*m(v) - t(v). What is the remainder when p(3) is divided by 3?
1
Suppose -21*l - 13*l = -1972. What is the remainder when 345 is divided by l?
55
Suppose -39*m - 1265 = -3878. What is the remainder when m is divided by 12?
7
Let p = -193 + 271. Let j = 40 - p. Let f = j + 93. What is the remainder when f is divided by 14?
13
What is the remainder when -455*((-18)/42 + (-20)/35) is divided by 58?
49
Suppose n - 407 = -5*s, 0 = 3*n + 22 - 13. Calculate the remainder when s is divided by 23.
13
Suppose -13 = -o - o + j, o = -4*j + 29. Suppose 0 = -l + o + 38. Calculate the remainder when l is divided by 24.
23
Let t = 2420 - 1982. What is the remainder when t is divided by 49?
46
Suppose -2*s - 121 = -3*v - 7*s, -3*v - 2*s = -115. Let c = -463 + 473. What is the remainder when v is divided by c?
7
Suppose -4*m = m - 2*i - 4759, 3*m = -3*i + 2847. Calculate the remainder when m is divided by 53.
50
Suppose -55 = -4*v - v. Suppose -5*r + 2*h = -184, 11*r - h - 149 = 7*r. What is the remainder when r is divided by v?
5
Let d be (0/(-1 - -3))/2. Suppose -5*i + 2*i + 5*c - 21 = d, 4*i + 33 = 5*c. Calculate the remainder when (i/(-1))/((-4)/(-2)) is divided by 4.
2
Suppose -2*d - 5*x = -17, 2*d + 4*x + 26 = 4*d. Let k(y) = 4*y**3 - 8*y**2 + 5. Suppose -51*p + 15 = -46*p. Calculate the remainder when k(p) is divided by d.
8
Let g(u) = u**3 + 20*u**2 - 190*u + 13. What is the remainder when (-134)/(-6) + (-4)/(-6) is divided by g(7)?
5
Suppose 2*f 